{"id":2876,"date":"2022-11-24T03:16:19","date_gmt":"2022-11-24T03:16:19","guid":{"rendered":"https:\/\/cabinetmonassurance.fr\/?page_id=2876"},"modified":"2022-11-24T03:25:20","modified_gmt":"2022-11-24T03:25:20","slug":"politique-de-confidentialite","status":"publish","type":"page","link":"https:\/\/cabinetmonassurance.fr\/index.php\/politique-de-confidentialite\/","title":{"rendered":"Politique de confidentialit\u00e9"},"content":{"rendered":"<p><div class=\"fusion-fullwidth fullwidth-box fusion-builder-row-1 fusion-flex-container nonhundred-percent-fullwidth non-hundred-percent-height-scrolling\" style=\"--link_hover_color: var(--awb-color5);--link_color: var(--awb-color7);--awb-border-radius-top-left:0px;--awb-border-radius-top-right:0px;--awb-border-radius-bottom-right:0px;--awb-border-radius-bottom-left:0px;--awb-padding-top:50px;--awb-padding-right:150px;--awb-padding-bottom:50px;--awb-padding-left:150px;--awb-padding-top-medium:60px;--awb-padding-bottom-medium:60px;--awb-padding-top-small:20px;--awb-padding-right-small:30px;--awb-padding-bottom-small:60px;--awb-padding-left-small:30px;--awb-background-color:var(--awb-color2);\" ><div class=\"fusion-builder-row fusion-row fusion-flex-align-items-flex-start fusion-flex-justify-content-center\" style=\"max-width:1310.4px;margin-left: calc(-4% \/ 2 );margin-right: calc(-4% \/ 2 );\"><div class=\"fusion-layout-column fusion_builder_column fusion-builder-column-0 fusion_builder_column_3_4 3_4 fusion-flex-column\" style=\"--awb-overflow:hidden;--awb-bg-size:cover;--awb-border-color:hsla(var(--awb-color1-h),var(--awb-color1-s),calc( var(--awb-color1-l) - 100% ),calc( var(--awb-color1-a) - 95% ));--awb-border-style:solid;--awb-border-radius:8px 8px 8px 8px;--awb-width-large:75%;--awb-spacing-right-large:70px;--awb-spacing-left-large:70px;--awb-width-medium:80%;--awb-order-medium:0;--awb-spacing-right-medium:0px;--awb-spacing-left-medium:0px;--awb-width-small:100%;--awb-order-small:0;--awb-spacing-right-small:0px;--awb-spacing-left-small:0px;\"><div class=\"fusion-column-wrapper fusion-column-has-shadow fusion-flex-justify-content-flex-start fusion-content-layout-column\"><div class=\"fusion-text fusion-text-1\" style=\"--awb-font-size:15px;\"><p><em>Version mise \u00e0 jour le 11 Novembre 2022.<\/em><\/p>\n<p>Bienvenue sur la page qui traite de notre politique de confidentialit\u00e9 !<\/p>\n<p>Cette page vous explique comment vos donn\u00e9es personnelles sont trait\u00e9es et prot\u00e9g\u00e9es chez Cabonet Mon Assurance, ce qui est chez nous, un sujet prioritaire, sur lequel nous sommes tr\u00e8s vigilants.<\/p>\n<p>Bonne lecture !<\/p>\n<h4><b>Utilisation de vos donn\u00e9es<\/b><\/h4>\n<ul>\n<li><b>Base l\u00e9gale :<\/b><br \/>&#8211; Ex\u00e9cution du contrat ou de mesures pr\u00e9contractuelles<\/li>\n<li><b>Finalit\u00e9s:<\/b><br \/>-La d\u00e9livrance de conseil, devis en fonction de vos besoins en assurance afin de proposer des contrats adapt\u00e9s \u00e0 chaque situation.<\/li>\n<li><b>Dur\u00e9e de conservation :<\/b><br \/>-Toute la dur\u00e9e de la relation contractuelle augment\u00e9e de la dur\u00e9e d\u2019acquisition des prescriptions l\u00e9gales<br \/>-Les demandes n\u2019ayant pas abouti \u00e0 une conclusion de contrat, sont anonymiser tous les 6 mois<\/li>\n<\/ul>\n<h4><b>S\u00e9curit\u00e9 de vos donn\u00e9es<\/b><\/h4>\n<ul>\n<li>Nous nous engageons \u00e0 assurer la s\u00e9curit\u00e9 de vos donn\u00e9es en mettant en place une protection des donn\u00e9es renforc\u00e9e par l\u2019utilisation de moyens de s\u00e9curisation physiques et logiques conformes aux r\u00e8gles de l\u2019art et aux normes qui nous sont impos\u00e9es.<\/li>\n<li>Vos donn\u00e9es sont stock\u00e9e en France<\/li>\n<\/ul>\n<h4><b>Vos Droits<\/b><\/h4>\n<p>Droits d\u2019acc\u00e8s, de rectification, d\u2019effacement, de limitation, de portabilit\u00e9, d\u2019opposition et de d\u00e9cider du sort de vos donn\u00e9es \u00e0 votre d\u00e9c\u00e8s<\/p>\n<p>Vous disposez de droits vous permettant de :<\/p>\n<ul>\n<li>acc\u00e9der \u00e0 vos donn\u00e9es,<\/li>\n<li>demander leur rectification en cas d\u2019erreur,<\/li>\n<li>demander leur effacement,<\/li>\n<li>demander la limitation de leur traitement,<\/li>\n<li>demander leur portabilit\u00e9,<\/li>\n<li>vous opposer \u00e0 leur traitement,<\/li>\n<li>d\u00e9finir des directives relatives \u00e0 leur sort apr\u00e8s votre d\u00e9c\u00e8s.<\/li>\n<\/ul>\n<p>Vous disposez \u00e9galement du droit d&#8217;introduire une r\u00e9clamation aupr\u00e8s de la CNIL. (3 place de Fontenoy &#8211; TSA 80715 \u2013 75334 Paris cedex 07).<\/p>\n<p>Enfin, lorsque vous avez donn\u00e9 votre consentement \u00e0 un traitement de donn\u00e9es, vous pouvez le retirer \u00e0 tout moment, sans remettre en cause les op\u00e9rations effectu\u00e9es pr\u00e9alablement \u00e0 ce retrait.<\/p>\n<p>Enfin vous pouvez nous contacter \u00e0 monassurance83@gmail.com Le responsable des Traitement est M. Teixeira.<\/p>\n<h4><b>Le d\u00e9marchage t\u00e9l\u00e9phonique<\/b><\/h4>\n<p>Si vous ne souhaitez pas faire l&#8217;objet de prospection commerciale par voie t\u00e9l\u00e9phonique, vous pouvez vous inscrire gratuitement sur la liste d&#8217;opposition au d\u00e9marchage t\u00e9l\u00e9phonique BLOCTEL.<\/p>\n<p>Pour plus d\u2019informations, consultez\u00a0le site\u00a0www.bloctel.gouv.fr<\/p>\n<p>Les enregistrements t\u00e9l\u00e9phoniques<\/p>\n<p>Consultez la mention d&#8217;information concernant l&#8217;enregistrement des conversations t\u00e9l\u00e9phoniques en cliquant sur le lien ci-dessous.<\/p>\n<h4><b>Versions du Navigateur et affichage\u00a0<\/b><\/h4>\n<p>Le site www.cabinetmonassurance.fr a \u00e9t\u00e9 optimis\u00e9 pour un affichage 1024 x 768 pixels sur les navigateurs suivants :<\/p>\n<ul>\n<li>Firefox version 29 (Windows et Macintosh)<\/li>\n<li>Microsoft Internet Explorer version 8 (Windows)<\/li>\n<\/ul>\n<p>Cependant, les divergences d&#8217;interpr\u00e9tation des codes d&#8217;un navigateur \u00e0 l&#8217;autre peuvent entra\u00eener des diff\u00e9rences de pr\u00e9sentation et de navigation. Si votre navigateur ne correspond pas \u00e0 ces crit\u00e8res, vous pouvez t\u00e9l\u00e9charger les derni\u00e8res versions des navigateurs pr\u00e9cit\u00e9s sur les sites des soci\u00e9t\u00e9s correspondantes.<\/p>\n<p>Les informations collect\u00e9es sur ce site sont destin\u00e9es au cabinet Mon Assurance de M Michel Teixeira. Conform\u00e9ment a l\u2019article 34 et suivants de la loi \u00ab\u00a0informatique et libert\u00e9s\u00a0\u00bb N\u00b0 78-17<span class=\"Apple-converted-space\">\u00a0 <\/span>du 06 janvier 1978, modifi\u00e9e par la loi N 2004-801 du 06 aout 2004, vous disposez d\u2019un droit d\u2019acc\u00e8s, de modifications, de rectifications et de suppressions des donn\u00e9es qui vous concernent. Pour l\u2019exercer, merci d\u2019adresser votre mail a monassurance83@gmail.com<span class=\"Apple-converted-space\">\u00a0<\/span><\/p>\n<p>Note de confidentialit\u00e9 : Les documents joints \u00e0 ce courrier \u00e9lectronique contiennent des informations confidentielles et\/ ou l\u00e9gales qui ne concernent que la personne physique ou morale destinataire de ce courrier \u00e9lectronique. Si vous avez re\u00e7u cette transmission par erreur, nous vous informons par la pr\u00e9sente que toute communication, copie, diffusion ou utilisation du contenu de ce courrier est strictement interdite. Nous vous remercions en ce cas de nous en avertir imm\u00e9diatement par t\u00e9l\u00e9phone afin que nous effectuions \u00e0 nos frais le retour des documents.<\/p>\n<\/div><\/div><\/div><\/div><\/div><div class=\"fusion-fullwidth fullwidth-box fusion-builder-row-2 fusion-flex-container has-pattern-background has-mask-background nonhundred-percent-fullwidth non-hundred-percent-height-scrolling fusion-no-small-visibility\" style=\"--awb-border-radius-top-left:0px;--awb-border-radius-top-right:0px;--awb-border-radius-bottom-right:0px;--awb-border-radius-bottom-left:0px;--awb-padding-top:60px;--awb-padding-bottom:60px;--awb-padding-bottom-medium:32px;--awb-padding-top-small:40px;--awb-padding-bottom-small:40px;\" ><div class=\"fusion-builder-row fusion-row fusion-flex-align-items-flex-start fusion-flex-justify-content-center\" style=\"max-width:1310.4px;margin-left: calc(-4% \/ 2 );margin-right: calc(-4% \/ 2 );\"><div class=\"fusion-layout-column fusion_builder_column fusion-builder-column-1 fusion_builder_column_1_1 1_1 fusion-flex-column\" style=\"--awb-padding-top:5%;--awb-padding-right:6%;--awb-padding-bottom:5%;--awb-padding-left:6%;--awb-overflow:hidden;--awb-bg-color:var(--awb-custom10);--awb-bg-size:cover;--awb-box-shadow:0px 24px 40px 0px hsla(var(--awb-custom1-h),var(--awb-custom1-s),var(--awb-custom1-l),calc( var(--awb-custom1-a) - 76% ));;--awb-border-radius:24px 24px 24px 24px;--awb-width-large:100%;--awb-spacing-right-large:0%;--awb-spacing-left-large:0%;--awb-width-medium:100%;--awb-order-medium:0;--awb-spacing-right-medium:0%;--awb-spacing-left-medium:0%;--awb-width-small:100%;--awb-order-small:0;--awb-spacing-right-small:1.92%;--awb-spacing-left-small:1.92%;\"><div class=\"fusion-column-wrapper fusion-column-has-shadow fusion-flex-justify-content-flex-start fusion-content-layout-column\"><div class=\"fusion-builder-row fusion-builder-row-inner fusion-row fusion-flex-align-items-flex-start fusion-flex-justify-content-center\" style=\"width:104% !important;max-width:104% !important;margin-left: calc(-4% \/ 2 );margin-right: calc(-4% \/ 2 );\"><div class=\"fusion-layout-column fusion_builder_column_inner fusion-builder-nested-column-0 fusion_builder_column_inner_3_4 3_4 fusion-flex-column\" style=\"--awb-bg-size:cover;--awb-width-large:75%;--awb-margin-top-large:12px;--awb-spacing-right-large:2.56%;--awb-spacing-left-large:2.56%;--awb-width-medium:60%;--awb-order-medium:0;--awb-spacing-right-medium:3.2%;--awb-spacing-left-medium:3.2%;--awb-width-small:100%;--awb-order-small:0;--awb-spacing-right-small:1.92%;--awb-margin-bottom-small:0px;--awb-spacing-left-small:1.92%;\"><div class=\"fusion-column-wrapper fusion-column-has-shadow fusion-flex-justify-content-flex-start fusion-content-layout-column\"><div class=\"fusion-title title fusion-title-1 fusion-sep-none fusion-title-text fusion-title-size-one\" style=\"--awb-text-color:var(--awb-color1);\"><h1 class=\"title-heading-left sm-text-align-center fusion-responsive-typography-calculated\" style=\"margin:0;--fontSize:60;line-height:var(--awb-typography1-line-height);\">Obtenez un tarif<span style=\"color: var(--awb-color7);\">.<\/span><\/h1><\/div><div class=\"fusion-text fusion-text-2 sm-text-align-center\" style=\"--awb-font-size:26px;--awb-line-height:36px;--awb-text-color:var(--awb-color1);\"><p>Enfin une assurance qui r\u00e9pond vraiment \u00e0 vos besoins !<\/p>\n<\/div><\/div><\/div><div class=\"fusion-layout-column fusion_builder_column_inner fusion-builder-nested-column-1 fusion_builder_column_inner_1_4 1_4 fusion-flex-column\" style=\"--awb-bg-size:cover;--awb-width-large:25%;--awb-spacing-right-large:7.68%;--awb-spacing-left-large:7.68%;--awb-width-medium:40%;--awb-order-medium:0;--awb-spacing-right-medium:4.8%;--awb-spacing-left-medium:4.8%;--awb-width-small:100%;--awb-order-small:0;--awb-spacing-right-small:1.92%;--awb-spacing-left-small:1.92%;\"><div class=\"fusion-column-wrapper fusion-column-has-shadow fusion-flex-justify-content-flex-start fusion-content-layout-column\"><div style=\"text-align:center;\"><a class=\"fusion-button button-flat fusion-button-default-size button-default fusion-button-default button-1 fusion-button-span-yes fusion-button-default-type\" target=\"_self\" href=\"https:\/\/cabinetmonassurance.fr\/contact\/\"><span class=\"fusion-button-text\">Devis gratuit<\/span><\/a><\/div><div style=\"text-align:center;\"><a class=\"fusion-button button-flat fusion-button-default-size button-custom fusion-button-default button-2 fusion-button-span-yes fusion-button-default-type\" style=\"--button_accent_color:var(--awb-color1);--button_accent_hover_color:var(--awb-color7);--button_border_hover_color:var(--awb-color7);--button_gradient_top_color:var(--awb-custom1);--button_gradient_bottom_color:var(--awb-custom1);--button_gradient_top_color_hover:var(--awb-color1);--button_gradient_bottom_color_hover:var(--awb-color1);--button_margin-top:12px;\" target=\"_self\" href=\"tel: 06 07 70 30 74\"><i class=\"icon-accountant-call-us button-icon-left\" aria-hidden=\"true\"><\/i><span class=\"fusion-button-text\">06 07 70 30 74<\/span><\/a><\/div><\/div><\/div><\/div><\/div><\/div><\/div><\/div>\n<\/p>\n","protected":false},"excerpt":{"rendered":"","protected":false},"author":1,"featured_media":0,"parent":0,"menu_order":0,"comment_status":"closed","ping_status":"closed","template":"100-width.php","meta":[],"aioseo_notices":[],"_links":{"self":[{"href":"https:\/\/cabinetmonassurance.fr\/index.php\/wp-json\/wp\/v2\/pages\/2876"}],"collection":[{"href":"https:\/\/cabinetmonassurance.fr\/index.php\/wp-json\/wp\/v2\/pages"}],"about":[{"href":"https:\/\/cabinetmonassurance.fr\/index.php\/wp-json\/wp\/v2\/types\/page"}],"author":[{"embeddable":true,"href":"https:\/\/cabinetmonassurance.fr\/index.php\/wp-json\/wp\/v2\/users\/1"}],"replies":[{"embeddable":true,"href":"https:\/\/cabinetmonassurance.fr\/index.php\/wp-json\/wp\/v2\/comments?post=2876"}],"version-history":[{"count":2,"href":"https:\/\/cabinetmonassurance.fr\/index.php\/wp-json\/wp\/v2\/pages\/2876\/revisions"}],"predecessor-version":[{"id":2878,"href":"https:\/\/cabinetmonassurance.fr\/index.php\/wp-json\/wp\/v2\/pages\/2876\/revisions\/2878"}],"wp:attachment":[{"href":"https:\/\/cabinetmonassurance.fr\/index.php\/wp-json\/wp\/v2\/media?parent=2876"}],"curies":[{"name":"wp","href":"https:\/\/api.w.org\/{rel}","templated":true}]}}